{"id":577,"date":"2026-04-04T09:20:43","date_gmt":"2026-04-04T09:20:43","guid":{"rendered":"http:\/\/localhost\/tdsvietnam\/?page_id=577"},"modified":"2026-04-17T08:44:35","modified_gmt":"2026-04-17T08:44:35","slug":"du-an","status":"publish","type":"page","link":"https:\/\/tdstech.com.vn\/tdsvietnam\/du-an\/","title":{"rendered":"D\u1ef1 \u00e1n"},"content":{"rendered":"\t\t<div data-elementor-type=\"wp-page\" data-elementor-id=\"577\" class=\"elementor elementor-577\">\n\t\t\t\t<div class=\"elementor-element elementor-element-33b96e96 e-flex e-con-boxed e-con e-parent\" data-id=\"33b96e96\" data-element_type=\"container\" data-e-type=\"container\" data-settings=\"{&quot;background_background&quot;:&quot;classic&quot;}\">\n\t\t\t\t\t<div class=\"e-con-inner\">\n\t\t\t\t<div class=\"elementor-element elementor-element-b9bc7f0 elementor-widget elementor-widget-spacer\" data-id=\"b9bc7f0\" data-element_type=\"widget\" data-e-type=\"widget\" data-widget_type=\"spacer.default\">\n\t\t\t\t\t\t\t<div class=\"elementor-spacer\">\n\t\t\t<div class=\"elementor-spacer-inner\"><\/div>\n\t\t<\/div>\n\t\t\t\t\t\t<\/div>\n\t\t\t\t<div class=\"elementor-element elementor-element-243351d elementor-widget elementor-widget-heading\" data-id=\"243351d\" data-element_type=\"widget\" data-e-type=\"widget\" data-widget_type=\"heading.default\">\n\t\t\t\t\t<h3 class=\"elementor-heading-title elementor-size-default\"><p style=\"color:black\">Tri\u1ec3n khai <span style=\"color:black\">th\u00e0nh c\u00f4ng<\/span> c\u00e1c d\u1ef1 \u00e1n <span style=\"color:black\">trong<\/span> nhi\u1ec1u l\u0129nh v\u1ef1c<\/p><\/h3>\t\t\t\t<\/div>\n\t\t\t\t<div class=\"elementor-element elementor-element-107d5ee elementor-widget elementor-widget-spacer\" data-id=\"107d5ee\" data-element_type=\"widget\" data-e-type=\"widget\" data-widget_type=\"spacer.default\">\n\t\t\t\t\t\t\t<div class=\"elementor-spacer\">\n\t\t\t<div class=\"elementor-spacer-inner\"><\/div>\n\t\t<\/div>\n\t\t\t\t\t\t<\/div>\n\t\t<div class=\"elementor-element elementor-element-56d90d7 e-grid du_an_page e-con-boxed e-con e-child\" data-id=\"56d90d7\" data-element_type=\"container\" data-e-type=\"container\">\n\t\t\t\t\t<div class=\"e-con-inner\">\n\t\t\t\t<div class=\"elementor-element elementor-element-cb4219d elementor-position-top elementor-invisible elementor-widget elementor-widget-image-box\" data-id=\"cb4219d\" data-element_type=\"widget\" data-e-type=\"widget\" data-settings=\"{&quot;_animation&quot;:&quot;fadeIn&quot;}\" data-widget_type=\"image-box.default\">\n\t\t\t\t\t<div class=\"elementor-image-box-wrapper\"><figure class=\"elementor-image-box-img\"><img fetchpriority=\"high\" decoding=\"async\" width=\"416\" height=\"550\" src=\"https:\/\/tdstech.com.vn\/tdsvietnam\/wp-content\/uploads\/2026\/04\/13-Tu-pha-ho-tich.png\" class=\"attachment-thumbnail size-thumbnail wp-image-2901\" alt=\"\" \/><\/figure><div class=\"elementor-image-box-content\"><h5 class=\"elementor-image-box-title\">T\u01b0 ph\u00e1p, H\u1ed9 t\u1ecbch\u200b<\/h5><p class=\"elementor-image-box-description\">T\u01b0 ph\u00e1p h\u1ed9 t\u1ecbch l\u00e0 c\u00f4ng t\u00e1c qu\u1ea3n l\u00fd c\u00e1c s\u1ef1 ki\u1ec7n nh\u00e2n th\u00e2n (khai sinh, k\u1ebft h\u00f4n, t\u1eed,...) th\u00f4ng qua \u0111\u0103ng k\u00fd v\u00e0 l\u01b0u tr\u1eef. C\u00f4ng ch\u1ee9c t\u01b0 ph\u00e1p - h\u1ed9 t\u1ecbch c\u1ea5p x\u00e3, ph\u01b0\u1eddng l\u00e0 ng\u01b0\u1eddi tr\u1ef1c ti\u1ebfp th\u1ef1c hi\u1ec7n, tham m\u01b0u cho UBND, qu\u1ea3n l\u00fd C\u01a1 s\u1edf d\u1eef li\u1ec7u h\u1ed9 t\u1ecbch \u0111i\u1ec7n t\u1eed, v\u00e0 b\u1ea3o h\u1ed9 quy\u1ec1n l\u1ee3i h\u1ee3p ph\u00e1p c\u1ee7a c\u00f4ng d\u00e2n.<\/p><\/div><\/div>\t\t\t\t<\/div>\n\t\t\t\t<div class=\"elementor-element elementor-element-36cbd02 elementor-position-top elementor-invisible elementor-widget elementor-widget-image-box\" data-id=\"36cbd02\" data-element_type=\"widget\" data-e-type=\"widget\" data-settings=\"{&quot;_animation&quot;:&quot;fadeIn&quot;,&quot;_animation_delay&quot;:100}\" data-widget_type=\"image-box.default\">\n\t\t\t\t\t<div class=\"elementor-image-box-wrapper\"><figure class=\"elementor-image-box-img\"><img decoding=\"async\" src=\"https:\/\/tdstech.com.vn\/tdsvietnam\/wp-content\/uploads\/2026\/04\/2.dang-uy-ubnn.png\" title=\"2.dang uy ubnn\" alt=\"2.dang uy ubnn\" loading=\"lazy\" \/><\/figure><div class=\"elementor-image-box-content\"><h5 class=\"elementor-image-box-title\">\u0110\u1ea3ng u\u1ef7 - U\u1ef7 ban nh\u00e2n d\u00e2n<\/h5><p class=\"elementor-image-box-description\">\u0110\u1ea3ng \u1ee7y v\u00e0 \u1ee6y ban nh\u00e2n d\u00e2n (UBND) l\u00e0 hai c\u01a1 quan quan tr\u1ecdng trong h\u1ec7 th\u1ed1ng ch\u00ednh tr\u1ecb c\u1ea5p \u0111\u1ecba ph\u01b0\u01a1ng t\u1ea1i Vi\u1ec7t Nam. \u0110\u1ea3ng \u1ee7y (c\u1ea5p c\u01a1 s\u1edf ho\u1eb7c c\u1ea5p tr\u00ean c\u01a1 s\u1edf) l\u00e3nh \u0111\u1ea1o to\u00e0n di\u1ec7n v\u1ec1 ch\u1ee7 tr\u01b0\u01a1ng, ch\u00ednh s\u00e1ch, trong khi UBND l\u00e0 c\u01a1 quan h\u00e0nh ch\u00ednh nh\u00e0 n\u01b0\u1edbc, ch\u1ea5p h\u00e0nh ngh\u1ecb quy\u1ebft c\u1ee7a \u0110\u1ea3ng v\u00e0 H\u1ed9i \u0111\u1ed3ng nh\u00e2n d\u00e2n, qu\u1ea3n l\u00fd nh\u00e0 n\u01b0\u1edbc t\u1ea1i \u0111\u1ecba ph\u01b0\u01a1ng.<\/p><\/div><\/div>\t\t\t\t<\/div>\n\t\t\t\t<div class=\"elementor-element elementor-element-076c703 elementor-position-top elementor-invisible elementor-widget elementor-widget-image-box\" data-id=\"076c703\" data-element_type=\"widget\" data-e-type=\"widget\" data-settings=\"{&quot;_animation&quot;:&quot;fadeIn&quot;,&quot;_animation_delay&quot;:200}\" data-widget_type=\"image-box.default\">\n\t\t\t\t\t<div class=\"elementor-image-box-wrapper\"><figure class=\"elementor-image-box-img\"><img decoding=\"async\" src=\"https:\/\/tdstech.com.vn\/tdsvietnam\/wp-content\/uploads\/2026\/04\/14-van-thu-luu-tru.png\" title=\"14 van thu luu tru\" alt=\"14 van thu luu tru\" loading=\"lazy\" \/><\/figure><div class=\"elementor-image-box-content\"><h5 class=\"elementor-image-box-title\">V\u0103n th\u01b0 l\u01b0u tr\u1eef<\/h5><p class=\"elementor-image-box-description\">V\u0103n th\u01b0 l\u01b0u tr\u1eef l\u00e0 ho\u1ea1t \u0111\u1ed9ng so\u1ea1n th\u1ea3o, qu\u1ea3n l\u00fd, v\u00e0 b\u1ea3o qu\u1ea3n v\u0103n b\u1ea3n, t\u00e0i li\u1ec7u trong c\u00e1c c\u01a1 quan, t\u1ed5 ch\u1ee9c theo quy \u0111\u1ecbnh<\/p><\/div><\/div>\t\t\t\t<\/div>\n\t\t\t\t<div class=\"elementor-element elementor-element-c9e6607 elementor-position-top elementor-invisible elementor-widget elementor-widget-image-box\" data-id=\"c9e6607\" data-element_type=\"widget\" data-e-type=\"widget\" data-settings=\"{&quot;_animation&quot;:&quot;fadeIn&quot;,&quot;_animation_delay&quot;:300}\" data-widget_type=\"image-box.default\">\n\t\t\t\t\t<div class=\"elementor-image-box-wrapper\"><figure class=\"elementor-image-box-img\"><img decoding=\"async\" src=\"https:\/\/tdstech.com.vn\/tdsvietnam\/wp-content\/uploads\/2026\/04\/5-phap-che.png\" title=\"5 phap che\" alt=\"5 phap che\" loading=\"lazy\" \/><\/figure><div class=\"elementor-image-box-content\"><h5 class=\"elementor-image-box-title\">H\u1ed3 s\u01a1 ph\u00e1 \u00e1n<\/h5><p class=\"elementor-image-box-description\">H\u1ed3 s\u01a1 ph\u00e1 \u00e1n l\u00e0 t\u1eadp h\u1ee3p c\u00e1c t\u00e0i li\u1ec7u, v\u0103n b\u1ea3n, ch\u1ee9ng c\u1ee9 do c\u01a1 quan \u0111i\u1ec1u tra, Vi\u1ec7n ki\u1ec3m s\u00e1t l\u1eadp trong qu\u00e1 tr\u00ecnh \u0111i\u1ec1u tra, truy t\u1ed1. H\u1ed3 s\u01a1 n\u00e0y thu\u1ed9c th\u1ea9m quy\u1ec1n c\u1ee7a c\u00e1c <\/p><\/div><\/div>\t\t\t\t<\/div>\n\t\t\t\t<div class=\"elementor-element elementor-element-edda56d elementor-position-top elementor-invisible elementor-widget elementor-widget-image-box\" data-id=\"edda56d\" data-element_type=\"widget\" data-e-type=\"widget\" data-settings=\"{&quot;_animation&quot;:&quot;fadeIn&quot;,&quot;_animation_delay&quot;:400}\" data-widget_type=\"image-box.default\">\n\t\t\t\t\t<div class=\"elementor-image-box-wrapper\"><figure class=\"elementor-image-box-img\"><img decoding=\"async\" src=\"https:\/\/tdstech.com.vn\/tdsvietnam\/wp-content\/uploads\/2026\/04\/6.kiem-toan.png\" title=\"6.kiem toan\" alt=\"6.kiem toan\" loading=\"lazy\" \/><\/figure><div class=\"elementor-image-box-content\"><h5 class=\"elementor-image-box-title\">H\u1ed3 s\u01a1 ki\u1ec3m to\u00e1n<\/h5><p class=\"elementor-image-box-description\">H\u1ed3 s\u01a1 ki\u1ec3m to\u00e1n l\u00e0 t\u1eadp h\u1ee3p t\u00e0i li\u1ec7u do ki\u1ec3m to\u00e1n vi\u00ean thu th\u1eadp, ph\u00e2n lo\u1ea1i, s\u1eed d\u1ee5ng v\u00e0 l\u01b0u tr\u1eef theo tr\u1eadt t\u1ef1, l\u00e0m b\u1eb1ng ch\u1ee9ng cho cu\u1ed9c ki\u1ec3m to\u00e1n c\u1ee5 th\u1ec3. H\u1ed3 s\u01a1 n\u00e0y ch\u1ee7 y\u1ebfu thu\u1ed9c quy\u1ec1n qu\u1ea3n l\u00fd, l\u01b0u tr\u1eef c\u1ee7a Ki\u1ec3m to\u00e1n nh\u00e0 n\u01b0\u1edbc (\u0111\u1ed1i v\u1edbi ki\u1ec3m to\u00e1n c\u00f4ng) ho\u1eb7c c\u00e1c doanh nghi\u1ec7p ki\u1ec3m to\u00e1n (\u0111\u1ed1i v\u1edbi ki\u1ec3m to\u00e1n \u0111\u1ed9c l\u1eadp) nh\u1eb1m \u0111\u1ea3m b\u1ea3o t\u00ednh ph\u00e1p l\u00fd v\u00e0 minh b\u1ea1ch. <\/p><\/div><\/div>\t\t\t\t<\/div>\n\t\t\t\t<div class=\"elementor-element elementor-element-9f0cb0b elementor-position-top elementor-invisible elementor-widget elementor-widget-image-box\" data-id=\"9f0cb0b\" data-element_type=\"widget\" data-e-type=\"widget\" data-settings=\"{&quot;_animation&quot;:&quot;fadeIn&quot;,&quot;_animation_delay&quot;:500}\" data-widget_type=\"image-box.default\">\n\t\t\t\t\t<div class=\"elementor-image-box-wrapper\"><figure class=\"elementor-image-box-img\"><img decoding=\"async\" src=\"https:\/\/tdstech.com.vn\/tdsvietnam\/wp-content\/uploads\/2026\/04\/4.hs-nguoi-co-cong.png\" title=\"4.hs nguoi co cong\" alt=\"4.hs nguoi co cong\" loading=\"lazy\" \/><\/figure><div class=\"elementor-image-box-content\"><h5 class=\"elementor-image-box-title\">H\u1ed3 s\u01a1 ng\u01b0\u1eddi c\u00f3 c\u00f4ng<\/h5><p class=\"elementor-image-box-description\">H\u1ed3 s\u01a1 ng\u01b0\u1eddi c\u00f3 c\u00f4ng l\u00e0 t\u1eadp h\u1ee3p c\u00e1c gi\u1ea5y t\u1edd, t\u00e0i li\u1ec7u ch\u1ee9ng minh th\u00e2n nh\u00e2n, th\u00e0nh t\u00edch v\u00e0 qu\u00e1 tr\u00ecnh c\u1ed1ng hi\u1ebfn \u0111\u1ec3 x\u00e1c nh\u1eadn, gi\u1ea3i quy\u1ebft ch\u1ebf \u0111\u1ed9 \u01b0u \u0111\u00e3i (tr\u1ee3 c\u1ea5p, ph\u1ee5 c\u1ea5p) cho ng\u01b0\u1eddi c\u00f3 c\u00f4ng v\u1edbi c\u00e1ch m\u1ea1ng. C\u01a1 quan qu\u1ea3n l\u00fd ch\u00ednh l\u00e0 B\u1ed9\/S\u1edf Lao \u0111\u1ed9ng - Th\u01b0\u01a1ng binh v\u00e0 X\u00e3 h\u1ed9i, UBND c\u1ea5p x\u00e3 ti\u1ebfp nh\u1eadn h\u1ed3 s\u01a1. <\/p><\/div><\/div>\t\t\t\t<\/div>\n\t\t\t\t<div class=\"elementor-element elementor-element-c26f585 elementor-position-top elementor-invisible elementor-widget elementor-widget-image-box\" data-id=\"c26f585\" data-element_type=\"widget\" data-e-type=\"widget\" data-settings=\"{&quot;_animation&quot;:&quot;fadeIn&quot;}\" data-widget_type=\"image-box.default\">\n\t\t\t\t\t<div class=\"elementor-image-box-wrapper\"><figure class=\"elementor-image-box-img\"><img decoding=\"async\" src=\"https:\/\/tdstech.com.vn\/tdsvietnam\/wp-content\/uploads\/2026\/04\/10.thi-dua-khen-thuong.png\" title=\"10.thi dua khen thuong\" alt=\"10.thi dua khen thuong\" loading=\"lazy\" \/><\/figure><div class=\"elementor-image-box-content\"><h5 class=\"elementor-image-box-title\">H\u1ed3 s\u01a1 thi \u0111ua khen th\u01b0\u1edfng<\/h5><p class=\"elementor-image-box-description\">H\u1ed3 s\u01a1 thi \u0111ua khen th\u01b0\u1edfng l\u00e0 t\u1eadp h\u1ee3p c\u00e1c v\u0103n b\u1ea3n, b\u00e1o c\u00e1o th\u00e0nh t\u00edch, v\u00e0 bi\u00ean b\u1ea3n h\u1ecdp H\u1ed9i \u0111\u1ed3ng nh\u1eb1m \u0111\u1ec1 ngh\u1ecb c\u00e1c c\u01a1 quan th\u1ea9m quy\u1ec1n ghi nh\u1eadn, t\u00f4n vinh c\u00e1 nh\u00e2n\/t\u1eadp th\u1ec3 c\u00f3 th\u00e0nh t\u00edch xu\u1ea5t s\u1eafc. H\u1ed3 s\u01a1 th\u01b0\u1eddng bao g\u1ed3m: t\u1edd tr\u00ecnh, b\u00e1o c\u00e1o th\u00e0nh t\u00edch (c\u00f3 x\u00e1c nh\u1eadn c\u1ee7a c\u1ea5p qu\u1ea3n l\u00fd), v\u00e0 b\u1ea3n sao ch\u1ee9ng nh\u1eadn s\u00e1ng ki\u1ebfn (n\u1ebfu c\u00f3).<\/p><\/div><\/div>\t\t\t\t<\/div>\n\t\t\t\t<div class=\"elementor-element elementor-element-66ae1a1 elementor-position-top elementor-invisible elementor-widget elementor-widget-image-box\" data-id=\"66ae1a1\" data-element_type=\"widget\" data-e-type=\"widget\" data-settings=\"{&quot;_animation&quot;:&quot;fadeIn&quot;,&quot;_animation_delay&quot;:100}\" data-widget_type=\"image-box.default\">\n\t\t\t\t\t<div class=\"elementor-image-box-wrapper\"><figure class=\"elementor-image-box-img\"><img decoding=\"async\" src=\"https:\/\/tdstech.com.vn\/tdsvietnam\/wp-content\/uploads\/2026\/04\/7.-quy-hoach.png\" title=\"7. quy hoach\" alt=\"7. quy hoach\" loading=\"lazy\" \/><\/figure><div class=\"elementor-image-box-content\"><h5 class=\"elementor-image-box-title\">H\u1ed3 s\u01a1 quy ho\u1ea1ch<\/h5><p class=\"elementor-image-box-description\">H\u1ed3 s\u01a1 quy ho\u1ea1ch l\u00e0 t\u1eadp h\u1ee3p c\u00e1c t\u00e0i li\u1ec7u, b\u1ea3n v\u1ebd, v\u00e0 thuy\u1ebft minh th\u1ec3 hi\u1ec7n \u0111\u1ecbnh h\u01b0\u1edbng ph\u00e1t tri\u1ec3n kh\u00f4ng gian, s\u1eed d\u1ee5ng \u0111\u1ea5t, h\u1ea1 t\u1ea7ng c\u1ee7a m\u1ed9t khu v\u1ef1c. H\u1ed3 s\u01a1 n\u00e0y thu\u1ed9c th\u1ea9m quy\u1ec1n qu\u1ea3n l\u00fd, ph\u00ea duy\u1ec7t c\u1ee7a UBND c\u00e1c c\u1ea5p (t\u1ec9nh, huy\u1ec7n, x\u00e3) v\u00e0 B\u1ed9 X\u00e2y d\u1ef1ng t\u00f9y theo lo\u1ea1i quy ho\u1ea1ch.<\/p><\/div><\/div>\t\t\t\t<\/div>\n\t\t\t\t<div class=\"elementor-element elementor-element-ccf89ca elementor-position-top elementor-invisible elementor-widget elementor-widget-image-box\" data-id=\"ccf89ca\" data-element_type=\"widget\" data-e-type=\"widget\" data-settings=\"{&quot;_animation&quot;:&quot;fadeIn&quot;,&quot;_animation_delay&quot;:200}\" data-widget_type=\"image-box.default\">\n\t\t\t\t\t<div class=\"elementor-image-box-wrapper\"><figure class=\"elementor-image-box-img\"><img decoding=\"async\" src=\"https:\/\/tdstech.com.vn\/tdsvietnam\/wp-content\/uploads\/2026\/04\/xay-dung-new.png\" title=\"xay dung new\" alt=\"xay dung new\" loading=\"lazy\" \/><\/figure><div class=\"elementor-image-box-content\"><h5 class=\"elementor-image-box-title\">H\u1ed3 s\u01a1 c\u1ea5p ph\u00e9p x\u00e2y d\u1ef1ng<\/h5><p class=\"elementor-image-box-description\">H\u1ed3 s\u01a1 c\u1ea5p ph\u00e9p x\u00e2y d\u1ef1ng l\u00e0 t\u1eadp h\u1ee3p c\u00e1c gi\u1ea5y t\u1edd (\u0111\u01a1n, gi\u1ea5y quy\u1ec1n s\u1eed d\u1ee5ng \u0111\u1ea5t, b\u1ea3n v\u1ebd thi\u1ebft k\u1ebf) do ch\u1ee7 \u0111\u1ea7u t\u01b0 chu\u1ea9n b\u1ecb \u0111\u1ec3 c\u01a1 quan nh\u00e0 n\u01b0\u1edbc th\u1ea9m \u0111\u1ecbnh, cho ph\u00e9p x\u00e2y m\u1edbi, s\u1eeda ch\u1eefa, c\u1ea3i t\u1ea1o. C\u01a1 quan th\u1ea9m quy\u1ec1n ch\u00ednh l\u00e0 \u1ee6y ban nh\u00e2n d\u00e2n (UBND) n\u01a1i c\u00f3 c\u00f4ng tr\u00ecnh, ho\u1eb7c S\u1edf X\u00e2y d\u1ef1ng (\u0111\u1ed1i v\u1edbi c\u00f4ng tr\u00ecnh l\u1edbn).<\/p><\/div><\/div>\t\t\t\t<\/div>\n\t\t\t\t<div class=\"elementor-element elementor-element-d74fbc6 elementor-position-top elementor-invisible elementor-widget elementor-widget-image-box\" data-id=\"d74fbc6\" data-element_type=\"widget\" data-e-type=\"widget\" data-settings=\"{&quot;_animation&quot;:&quot;fadeIn&quot;,&quot;_animation_delay&quot;:300}\" data-widget_type=\"image-box.default\">\n\t\t\t\t\t<div class=\"elementor-image-box-wrapper\"><figure class=\"elementor-image-box-img\"><img decoding=\"async\" src=\"https:\/\/tdstech.com.vn\/tdsvietnam\/wp-content\/uploads\/2026\/04\/1.dang-ky-doanh-nghiep.png\" title=\"1.dang ky doanh nghiep\" alt=\"1.dang ky doanh nghiep\" loading=\"lazy\" \/><\/figure><div class=\"elementor-image-box-content\"><h5 class=\"elementor-image-box-title\">H\u1ed3 s\u01a1 \u0111\u0103ng k\u00fd doanh nghi\u1ec7p<\/h5><p class=\"elementor-image-box-description\">H\u1ed3 s\u01a1 \u0111\u0103ng k\u00fd doanh nghi\u1ec7p l\u00e0 t\u1eadp h\u1ee3p c\u00e1c v\u0103n b\u1ea3n (gi\u1ea5y \u0111\u1ec1 ngh\u1ecb, \u0111i\u1ec1u l\u1ec7, danh s\u00e1ch th\u00e0nh vi\u00ean\/c\u1ed5 \u0111\u00f4ng, gi\u1ea5y t\u1edd c\u00e1 nh\u00e2n...) theo quy \u0111\u1ecbnh t\u1ea1i Lu\u1eadt Doanh nghi\u1ec7p 2020. H\u1ed3 s\u01a1 \u0111\u01b0\u1ee3c n\u1ed9p t\u1ea1i Ph\u00f2ng \u0110\u0103ng k\u00fd kinh doanh thu\u1ed9c S\u1edf K\u1ebf ho\u1ea1ch v\u00e0 \u0110\u1ea7u t\u01b0 t\u1ec9nh\/th\u00e0nh ph\u1ed1 n\u01a1i doanh nghi\u1ec7p \u0111\u1eb7t tr\u1ee5 s\u1edf ch\u00ednh. <\/p><\/div><\/div>\t\t\t\t<\/div>\n\t\t\t\t<div class=\"elementor-element elementor-element-8d9524e elementor-position-top elementor-invisible elementor-widget elementor-widget-image-box\" data-id=\"8d9524e\" data-element_type=\"widget\" data-e-type=\"widget\" data-settings=\"{&quot;_animation&quot;:&quot;fadeIn&quot;,&quot;_animation_delay&quot;:400}\" data-widget_type=\"image-box.default\">\n\t\t\t\t\t<div class=\"elementor-image-box-wrapper\"><figure class=\"elementor-image-box-img\"><img decoding=\"async\" src=\"https:\/\/tdstech.com.vn\/tdsvietnam\/wp-content\/uploads\/2026\/04\/19-sach-dien-tu.png\" title=\"19 sach dien tu\" alt=\"19 sach dien tu\" loading=\"lazy\" \/><\/figure><div class=\"elementor-image-box-content\"><h5 class=\"elementor-image-box-title\">Lo\u1ea1i h\u00ecnh s\u00e1ch \u0111i\u1ec7n t\u1eed<\/h5><p class=\"elementor-image-box-description\">S\u00e1ch \u0111i\u1ec7n t\u1eed (ebook) l\u00e0 phi\u00ean b\u1ea3n s\u1ed1 h\u00f3a c\u1ee7a s\u00e1ch gi\u1ea5y, bao g\u1ed3m v\u0103n b\u1ea3n, h\u00ecnh \u1ea3nh, \u00e2m thanh, ho\u1eb7c video, \u0111\u01b0\u1ee3c \u0111\u1ecdc tr\u00ean thi\u1ebft b\u1ecb \u0111i\u1ec7n t\u1eed. T\u1ea1i Vi\u1ec7t Nam, ho\u1ea1t \u0111\u1ed9ng xu\u1ea5t b\u1ea3n ph\u1ea9m \u0111i\u1ec7n t\u1eed \u0111\u01b0\u1ee3c th\u1ed1ng nh\u1ea5t qu\u1ea3n l\u00fd b\u1edfi B\u1ed9 Th\u00f4ng tin v\u00e0 Truy\u1ec1n th\u00f4ng, c\u1ee5 th\u1ec3 l\u00e0 C\u1ee5c Xu\u1ea5t b\u1ea3n, In v\u00e0 Ph\u00e1t h\u00e0nh.<\/p><\/div><\/div>\t\t\t\t<\/div>\n\t\t\t\t<div class=\"elementor-element elementor-element-2b20539 elementor-position-top elementor-invisible elementor-widget elementor-widget-image-box\" data-id=\"2b20539\" data-element_type=\"widget\" data-e-type=\"widget\" data-settings=\"{&quot;_animation&quot;:&quot;fadeIn&quot;,&quot;_animation_delay&quot;:500}\" data-widget_type=\"image-box.default\">\n\t\t\t\t\t<div class=\"elementor-image-box-wrapper\"><figure class=\"elementor-image-box-img\"><img decoding=\"async\" src=\"https:\/\/tdstech.com.vn\/tdsvietnam\/wp-content\/uploads\/2026\/04\/8.phieu-thu-thap.png\" title=\"8.phieu thu thap\" alt=\"8.phieu thu thap\" loading=\"lazy\" \/><\/figure><div class=\"elementor-image-box-content\"><h5 class=\"elementor-image-box-title\">Lo\u1ea1i h\u00ecnh phi\u1ebfu thu th\u1eadp<\/h5><p class=\"elementor-image-box-description\">Phi\u1ebfu thu th\u1eadp th\u00f4ng tin (th\u01b0\u1eddng l\u00e0 m\u1eabu DC01) l\u00e0 v\u0103n b\u1ea3n d\u00f9ng \u0111\u1ec3 c\u00f4ng d\u00e2n k\u00ea khai th\u00f4ng tin c\u00e1 nh\u00e2n, ph\u1ee5c v\u1ee5 c\u1eadp nh\u1eadt v\u00e0o C\u01a1 s\u1edf d\u1eef li\u1ec7u qu\u1ed1c gia v\u1ec1 d\u00e2n c\u01b0. C\u01a1 quan ban h\u00e0nh v\u00e0 qu\u1ea3n l\u00fd phi\u1ebfu n\u00e0y l\u00e0 B\u1ed9 C\u00f4ng an, v\u00e0 phi\u1ebfu th\u01b0\u1eddng \u0111\u01b0\u1ee3c th\u1ef1c hi\u1ec7n th\u00f4ng qua C\u00f4ng an x\u00e3, ph\u01b0\u1eddng, th\u1ecb tr\u1ea5n. <\/p><\/div><\/div>\t\t\t\t<\/div>\n\t\t\t\t<div class=\"elementor-element elementor-element-088c021 elementor-position-top elementor-invisible elementor-widget elementor-widget-image-box\" data-id=\"088c021\" data-element_type=\"widget\" data-e-type=\"widget\" data-settings=\"{&quot;_animation&quot;:&quot;fadeIn&quot;,&quot;_animation_delay&quot;:100}\" data-widget_type=\"image-box.default\">\n\t\t\t\t\t<div class=\"elementor-image-box-wrapper\"><figure class=\"elementor-image-box-img\"><img decoding=\"async\" src=\"https:\/\/tdstech.com.vn\/tdsvietnam\/wp-content\/uploads\/2026\/04\/11-theu-nha-nc.png\" title=\"11 theu nha nc\" alt=\"11 theu nha nc\" loading=\"lazy\" \/><\/figure><div class=\"elementor-image-box-content\"><h5 class=\"elementor-image-box-title\">H\u1ed3 s\u01a1 thu\u1ebf<\/h5><p class=\"elementor-image-box-description\">H\u1ed3 s\u01a1 khai thu\u1ebf l\u00e0 t\u1edd khai thu\u1ebf v\u00e0 c\u00e1c ch\u1ee9ng t\u1eeb, t\u00e0i li\u1ec7u li\u00ean quan l\u00e0m c\u0103n c\u1ee9 \u0111\u1ec3 x\u00e1c \u0111\u1ecbnh ngh\u0129a v\u1ee5 thu\u1ebf c\u1ee7a ng\u01b0\u1eddi n\u1ed9p thu\u1ebf v\u1edbi ng\u00e2n s\u00e1ch nh\u00e0 n\u01b0\u1edbc do ng\u01b0\u1eddi n\u1ed9p thu\u1ebf l\u1eadp v\u00e0 g\u1eedi \u0111\u1ebfn c\u01a1 quan qu\u1ea3n l\u00fd thu\u1ebf b\u1eb1ng ph\u01b0\u01a1ng th\u1ee9c \u0111i\u1ec7n t\u1eed ho\u1eb7c gi\u1ea5y.<\/p><\/div><\/div>\t\t\t\t<\/div>\n\t\t\t\t<div class=\"elementor-element elementor-element-7401b7a elementor-position-top elementor-invisible elementor-widget elementor-widget-image-box\" data-id=\"7401b7a\" data-element_type=\"widget\" data-e-type=\"widget\" data-settings=\"{&quot;_animation&quot;:&quot;fadeIn&quot;,&quot;_animation_delay&quot;:200}\" data-widget_type=\"image-box.default\">\n\t\t\t\t\t<div class=\"elementor-image-box-wrapper\"><figure class=\"elementor-image-box-img\"><img decoding=\"async\" src=\"https:\/\/tdstech.com.vn\/tdsvietnam\/wp-content\/uploads\/2026\/04\/3.giao-duc-dao-tao.png\" title=\"3.giao d\u1ee5c dao t\u1ea1o\" alt=\"3.giao d\u1ee5c dao t\u1ea1o\" loading=\"lazy\" \/><\/figure><div class=\"elementor-image-box-content\"><h5 class=\"elementor-image-box-title\">H\u1ed3 s\u01a1 gi\u00e1o d\u1ee5c \u0111\u00e0o t\u1ea1o<\/h5><p class=\"elementor-image-box-description\">H\u1ed3 s\u01a1 gi\u00e1o d\u1ee5c \u0111\u00e0o t\u1ea1o l\u00e0 t\u1eadp h\u1ee3p c\u00e1c t\u00e0i li\u1ec7u, v\u0103n b\u1eb1ng, ch\u1ee9ng ch\u1ec9, h\u1ecdc b\u1ea1, v\u00e0 h\u1ed3 s\u01a1 qu\u1ea3n l\u00fd ho\u1ea1t \u0111\u1ed9ng gi\u1ea3ng d\u1ea1y, h\u1ecdc t\u1eadp c\u1ee7a h\u1ecdc sinh\/sinh vi\u00ean t\u1ea1i c\u01a1 s\u1edf gi\u00e1o d\u1ee5c. C\u01a1 quan qu\u1ea3n l\u00fd cao nh\u1ea5t l\u00e0 B\u1ed9 Gi\u00e1o d\u1ee5c v\u00e0 \u0110\u00e0o t\u1ea1o, trong khi c\u1ea5p t\u1ec9nh l\u00e0 S\u1edf Gi\u00e1o d\u1ee5c v\u00e0 \u0110\u00e0o t\u1ea1o, tham m\u01b0u cho UBND c\u1ea5p t\u1ec9nh qu\u1ea3n l\u00fd c\u00e1c c\u1ea5p h\u1ecdc.<\/p><\/div><\/div>\t\t\t\t<\/div>\n\t\t\t\t\t<\/div>\n\t\t\t\t<\/div>\n\t\t\t\t\t<\/div>\n\t\t\t\t<\/div>\n\t\t\t\t<\/div>\n\t\t","protected":false},"excerpt":{"rendered":"<p>Tri\u1ec3n khai th\u00e0nh c\u00f4ng c\u00e1c d\u1ef1 \u00e1n trong nhi\u1ec1u l\u0129nh v\u1ef1c T\u01b0 ph\u00e1p, H\u1ed9 t\u1ecbch\u200b T\u01b0 ph\u00e1p h\u1ed9 t\u1ecbch l\u00e0 c\u00f4ng t\u00e1c qu\u1ea3n l\u00fd c\u00e1c s\u1ef1 ki\u1ec7n nh\u00e2n th\u00e2n (khai sinh, k\u1ebft h\u00f4n, t\u1eed,&#8230;) th\u00f4ng qua \u0111\u0103ng k\u00fd v\u00e0 l\u01b0u tr\u1eef. C\u00f4ng ch\u1ee9c t\u01b0 ph\u00e1p &#8211; h\u1ed9 t\u1ecbch c\u1ea5p x\u00e3, [&hellip;]<\/p>\n","protected":false},"author":1,"featured_media":122,"parent":0,"menu_order":0,"comment_status":"closed","ping_status":"closed","template":"elementor_header_footer","meta":{"_themeisle_gutenberg_block_has_review":false,"footnotes":""},"class_list":["post-577","page","type-page","status-publish","has-post-thumbnail","hentry"],"rttpg_featured_image_url":{"full":["https:\/\/tdstech.com.vn\/tdsvietnam\/wp-content\/uploads\/2026\/04\/bg-hst-1.png",1273,498,false],"landscape":["https:\/\/tdstech.com.vn\/tdsvietnam\/wp-content\/uploads\/2026\/04\/bg-hst-1.png",1273,498,false],"portraits":["https:\/\/tdstech.com.vn\/tdsvietnam\/wp-content\/uploads\/2026\/04\/bg-hst-1.png",1273,498,false],"thumbnail":["https:\/\/tdstech.com.vn\/tdsvietnam\/wp-content\/uploads\/2026\/04\/bg-hst-1.png",550,215,false],"medium":["https:\/\/tdstech.com.vn\/tdsvietnam\/wp-content\/uploads\/2026\/04\/bg-hst-1.png",1273,498,false],"large":["https:\/\/tdstech.com.vn\/tdsvietnam\/wp-content\/uploads\/2026\/04\/bg-hst-1.png",750,293,false],"1536x1536":["https:\/\/tdstech.com.vn\/tdsvietnam\/wp-content\/uploads\/2026\/04\/bg-hst-1.png",1273,498,false],"2048x2048":["https:\/\/tdstech.com.vn\/tdsvietnam\/wp-content\/uploads\/2026\/04\/bg-hst-1.png",1273,498,false],"hestia-blog":["https:\/\/tdstech.com.vn\/tdsvietnam\/wp-content\/uploads\/2026\/04\/bg-hst-1.png",360,141,false]},"rttpg_author":{"display_name":"tdsvietnam","author_link":"https:\/\/tdstech.com.vn\/tdsvietnam\/author\/tdsvietnam\/"},"rttpg_comment":0,"rttpg_category":null,"rttpg_excerpt":"Tri\u1ec3n khai th\u00e0nh c\u00f4ng c\u00e1c d\u1ef1 \u00e1n trong nhi\u1ec1u l\u0129nh v\u1ef1c T\u01b0 ph\u00e1p, H\u1ed9 t\u1ecbch\u200b T\u01b0 ph\u00e1p h\u1ed9 t\u1ecbch l\u00e0 c\u00f4ng t\u00e1c qu\u1ea3n l\u00fd c\u00e1c s\u1ef1 ki\u1ec7n nh\u00e2n th\u00e2n (khai sinh, k\u1ebft h\u00f4n, t\u1eed,&#8230;) th\u00f4ng qua \u0111\u0103ng k\u00fd v\u00e0 l\u01b0u tr\u1eef. C\u00f4ng ch\u1ee9c t\u01b0 ph\u00e1p &#8211; h\u1ed9 t\u1ecbch c\u1ea5p x\u00e3, [&hellip;]","_links":{"self":[{"href":"https:\/\/tdstech.com.vn\/tdsvietnam\/wp-json\/wp\/v2\/pages\/577","targetHints":{"allow":["GET"]}}],"collection":[{"href":"https:\/\/tdstech.com.vn\/tdsvietnam\/wp-json\/wp\/v2\/pages"}],"about":[{"href":"https:\/\/tdstech.com.vn\/tdsvietnam\/wp-json\/wp\/v2\/types\/page"}],"author":[{"embeddable":true,"href":"https:\/\/tdstech.com.vn\/tdsvietnam\/wp-json\/wp\/v2\/users\/1"}],"replies":[{"embeddable":true,"href":"https:\/\/tdstech.com.vn\/tdsvietnam\/wp-json\/wp\/v2\/comments?post=577"}],"version-history":[{"count":125,"href":"https:\/\/tdstech.com.vn\/tdsvietnam\/wp-json\/wp\/v2\/pages\/577\/revisions"}],"predecessor-version":[{"id":2968,"href":"https:\/\/tdstech.com.vn\/tdsvietnam\/wp-json\/wp\/v2\/pages\/577\/revisions\/2968"}],"wp:featuredmedia":[{"embeddable":true,"href":"https:\/\/tdstech.com.vn\/tdsvietnam\/wp-json\/wp\/v2\/media\/122"}],"wp:attachment":[{"href":"https:\/\/tdstech.com.vn\/tdsvietnam\/wp-json\/wp\/v2\/media?parent=577"}],"curies":[{"name":"wp","href":"https:\/\/api.w.org\/{rel}","templated":true}]}}