{"id":1810,"date":"2026-04-09T02:41:31","date_gmt":"2026-04-09T02:41:31","guid":{"rendered":"http:\/\/172.20.20.20\/tdsvietnam\/?page_id=1810"},"modified":"2026-04-16T09:50:44","modified_gmt":"2026-04-16T09:50:44","slug":"giai-phap-tong-tai-tro-ly-ao-calibot","status":"publish","type":"page","link":"https:\/\/tdstech.com.vn\/tdsvietnam\/giai-phap-tong-tai-tro-ly-ao-calibot\/","title":{"rendered":"Gi\u1ea3i ph\u00e1p OCR"},"content":{"rendered":"\n<p class=\"has-text-align-center\"><strong>C\u00d4NG NGH\u1ec6 OCR: BI\u1ebeN H\u00ccNH \u1ea2NH TH\u00c0NH D\u1eee LI\u1ec6U S\u1ed0 TRONG T\u00cdCH T\u1eaeC<\/strong><\/p>\n\n\n\n<p>B\u1ea1n \u0111ang \u0111\u1ed1i m\u1eb7t v\u1edbi h\u00e0ng ng\u00e0n t\u1edd h\u00f3a \u0111\u01a1n, h\u1ee3p \u0111\u1ed3ng hay h\u1ed3 s\u01a1 h\u1ed9 t\u1ecbch c\u1ea7n nh\u1eadp v\u00e0o h\u1ec7 th\u1ed1ng? Vi\u1ec7c nh\u1eadp li\u1ec7u th\u1ee7 c\u00f4ng kh\u00f4ng ch\u1ec9 t\u1ed1n th\u1eddi gian m\u00e0 c\u00f2n d\u1ec5 sai s\u00f3t. H\u00e3y \u0111\u1ec3 d\u1ecbch v\u1ee5 Nh\u1eadn d\u1ea1ng k\u00fd t\u1ef1 quang h\u1ecdc (OCR) c\u1ee7a ch\u00fang t\u00f4i gi\u00fap b\u1ea1n &#8220;s\u1ed1 h\u00f3a&#8221; quy tr\u00ecnh n\u00e0y m\u1ed9t c\u00e1ch th\u00f4ng minh v\u00e0 ch\u00ednh x\u00e1c tuy\u1ec7t \u0111\u1ed1i.<\/p>\n\n\n\n<ol class=\"wp-block-list\">\n<li>C\u00f4ng ngh\u1ec7 OCR l\u00e0 g\u00ec?<br>OCR (Optical Character Recognition) l\u00e0 c\u00f4ng ngh\u1ec7 b\u00f3c t\u00e1ch d\u1eef li\u1ec7u t\u1eeb c\u00e1c t\u1ec7p h\u00ecnh \u1ea3nh, \u1ea3nh ch\u1ee5p v\u0103n b\u1ea3n ho\u1eb7c file PDF \u0111\u1ec3 chuy\u1ec3n th\u00e0nh \u0111\u1ecbnh d\u1ea1ng v\u0103n b\u1ea3n c\u00f3 th\u1ec3 ch\u1ec9nh s\u1eeda v\u00e0 t\u00ecm ki\u1ebfm \u0111\u01b0\u1ee3c (nh\u01b0 Word, Excel, JSON). \u0110\u00e2y l\u00e0 m\u1eaft x\u00edch quan tr\u1ecdng nh\u1ea5t trong quy tr\u00ecnh Chuy\u1ec3n \u0111\u1ed5i s\u1ed1 c\u1ee7a m\u1ecdi t\u1ed5 ch\u1ee9c.<\/li>\n\n\n\n<li>T\u1ea1i sao n\u00ean s\u1eed d\u1ee5ng d\u1ecbch v\u1ee5 OCR chuy\u00ean nghi\u1ec7p?<br>Thay v\u00ec t\u1ed1n h\u00e0ng gi\u1edd cho m\u1ed7i b\u1ed9 h\u1ed3 s\u01a1, c\u00f4ng ngh\u1ec7 OCR c\u1ee7a ch\u00fang t\u00f4i mang l\u1ea1i:<br>\u2981 T\u1ed1c \u0111\u1ed9 v\u01b0\u1ee3t tr\u1ed9i: X\u1eed l\u00fd h\u00e0ng ngh\u00ecn trang t\u00e0i li\u1ec7u ch\u1ec9 trong v\u00e0i ph\u00fat.<br>\u2981 \u0110\u1ed9 ch\u00ednh x\u00e1c l\u00ean \u0111\u1ebfn 99%: Nh\u1eadn di\u1ec7n t\u1ed1t c\u1ea3 ch\u1eef in, ch\u1eef vi\u1ebft tay v\u00e0 c\u00e1c k\u00fd t\u1ef1 ti\u1ebfng Vi\u1ec7t c\u00f3 d\u1ea5u ph\u1ee9c t\u1ea1p.<br>\u2981 T\u1ef1 \u0111\u1ed9ng b\u00f3c t\u00e1ch d\u1eef li\u1ec7u: Kh\u00f4ng ch\u1ec9 nh\u1eadn di\u1ec7n ch\u1eef c\u00e1i, ch\u00fang t\u00f4i gi\u00fap b\u1ea1n ph\u00e2n lo\u1ea1i th\u00f4ng tin v\u00e0o \u0111\u00fang c\u00e1c tr\u01b0\u1eddng d\u1eef li\u1ec7u (V\u00ed d\u1ee5: T\u1ef1 \u0111\u1ed9ng t\u00e1ch H\u1ecd t\u00ean, Ng\u00e0y sinh, S\u1ed1 c\u0103n c\u01b0\u1edbc\u2026).<br>\u2981 T\u00ecm ki\u1ebfm d\u1ec5 d\u00e0ng: Chuy\u1ec3n \u0111\u1ed5i kho t\u00e0i li\u1ec7u &#8220;ch\u1ebft&#8221; th\u00e0nh kho d\u1eef li\u1ec7u &#8220;s\u1ed1ng&#8221;, cho ph\u00e9p t\u00ecm ki\u1ebfm t\u1eeb kh\u00f3a trong t\u00edch t\u1eafc.<\/li>\n<\/ol>\n\n\n\n<figure class=\"wp-block-image size-full has-custom-border\"><img fetchpriority=\"high\" decoding=\"async\" width=\"1408\" height=\"768\" src=\"http:\/\/tdstech.com.vn\/tdsvietnam\/wp-content\/uploads\/2026\/04\/2-1.png\" alt=\"\" class=\"wp-image-2358\" style=\"border-top-left-radius:10px;border-top-right-radius:10px;border-bottom-left-radius:10px;border-bottom-right-radius:10px\"\/><\/figure>\n\n\n\n<div style=\"height:23px\" aria-hidden=\"true\" class=\"wp-block-spacer\"><\/div>\n\n\n\n<p class=\"has-text-align-center\">&#8220;T\u1ed1i \u01b0u h\u00f3a th\u1eddi gian \u2013 Nh\u00e2n b\u1ea3n n\u0103ng su\u1ea5t.&#8221;<\/p>\n\n\n\n<ol start=\"3\" class=\"wp-block-list\">\n<li>Gi\u1ea3i ph\u00e1p OCR \u0111a l\u0129nh v\u1ef1c<br>D\u1ecbch v\u1ee5 c\u1ee7a ch\u00fang t\u00f4i \u0111\u01b0\u1ee3c t\u1ed1i \u01b0u h\u00f3a cho nhi\u1ec1u lo\u1ea1i h\u00ecnh t\u00e0i li\u1ec7u:<br>\u2981 T\u01b0 ph\u00e1p H\u1ed9 t\u1ecbch: S\u1ed1 h\u00f3a s\u1ed5 h\u1ed9 t\u1ecbch, gi\u1ea5y khai sinh, k\u1ebft h\u00f4n v\u1edbi \u0111\u1ed9 b\u1ea3o m\u1eadt cao.<br>\u2981 T\u00e0i ch\u00ednh &#8211; K\u1ebf to\u00e1n: B\u00f3c t\u00e1ch th\u00f4ng tin h\u00f3a \u0111\u01a1n, ch\u1ee9ng t\u1eeb thu\u1ebf, sao k\u00ea ng\u00e2n h\u00e0ng.<br>\u2981 Y t\u1ebf: S\u1ed1 h\u00f3a b\u1ec7nh \u00e1n, \u0111\u01a1n thu\u1ed1c v\u00e0 h\u1ed3 s\u01a1 b\u1ec7nh nh\u00e2n.<br>\u2981 Logistics &amp; B\u1ea3o hi\u1ec3m: X\u1eed l\u00fd v\u1eadn \u0111\u01a1n, c\u0103n c\u01b0\u1edbc c\u00f4ng d\u00e2n v\u00e0 c\u00e1c lo\u1ea1i t\u1edd khai.<\/li>\n\n\n\n<li>Quy tr\u00ecnh tri\u1ec3n khai nhanh ch\u00f3ng<br>\u2981 Ti\u1ebfp nh\u1eadn &amp; Ph\u00e2n t\u00edch: \u0110\u00e1nh gi\u00e1 ch\u1ea5t l\u01b0\u1ee3ng t\u00e0i li\u1ec7u ngu\u1ed3n.<br>\u2981 C\u1ea5u h\u00ecnh m\u00f4 h\u00ecnh: T\u1ed1i \u01b0u h\u00f3a thu\u1eadt to\u00e1n OCR cho ri\u00eang lo\u1ea1i bi\u1ec3u m\u1eabu c\u1ee7a kh\u00e1ch h\u00e0ng.<br>\u2981 X\u1eed l\u00fd &amp; Ki\u1ec3m \u0111\u1ecbnh: Ch\u1ea1y nh\u1eadn d\u1ea1ng t\u1ef1 \u0111\u1ed9ng k\u1ebft h\u1ee3p r\u00e0 so\u00e1t th\u1ee7 c\u00f4ng \u0111\u1ec3 \u0111\u1ea3m b\u1ea3o d\u1eef li\u1ec7u s\u1ea1ch.<br>\u2981 B\u00e0n giao d\u1eef li\u1ec7u: Cung c\u1ea5p file d\u1eef li\u1ec7u theo \u0111\u1ecbnh d\u1ea1ng y\u00eau c\u1ea7u (Excel, XML, API\u2026).<\/li>\n<\/ol>\n\n\n\n<figure class=\"wp-block-image size-full has-custom-border\"><img decoding=\"async\" width=\"1408\" height=\"768\" src=\"http:\/\/tdstech.com.vn\/tdsvietnam\/wp-content\/uploads\/2026\/04\/3-1.png\" alt=\"\" class=\"wp-image-2362\" style=\"border-top-left-radius:10px;border-top-right-radius:10px;border-bottom-left-radius:10px;border-bottom-right-radius:10px\"\/><\/figure>\n\n\n\n<div style=\"height:19px\" aria-hidden=\"true\" class=\"wp-block-spacer\"><\/div>\n\n\n\n<p class=\"has-text-align-center\">&#8220;D\u1eef li\u1ec7u c\u1ea5u tr\u00fac chu\u1ea9n \u2013 S\u1eb5n s\u00e0ng cho qu\u1ea3n tr\u1ecb.&#8221;<\/p>\n\n\n\n<p>S\u1ed0 H\u00d3A TH\u00d4NG MINH \u2013 D\u1eaaN \u0110\u1ea6U C\u00d4NG NGH\u1ec6<br>&#8220;\u0110\u1eebng \u0111\u1ec3 b\u1ed9 m\u00e1y c\u1ee7a b\u1ea1n ch\u1eadm l\u1ea1i v\u00ec nh\u1eefng x\u1ea5p gi\u1ea5y t\u1edd. H\u00e3y \u0111\u1ec3 c\u00f4ng ngh\u1ec7 OCR l\u00e0m vi\u1ec7c thay b\u1ea1n.&#8221;<br>\ud83d\udc49 Li\u00ean h\u1ec7 ngay h\u00f4m nay \u0111\u1ec3 nh\u1eadn b\u1ea3n demo mi\u1ec5n ph\u00ed tr\u00ean ch\u00ednh t\u00e0i li\u1ec7u c\u1ee7a b\u1ea1n!<\/p>\n\n\n\n<p><\/p>\n","protected":false},"excerpt":{"rendered":"<p>C\u00d4NG NGH\u1ec6 OCR: BI\u1ebeN H\u00ccNH \u1ea2NH TH\u00c0NH D\u1eee LI\u1ec6U S\u1ed0 TRONG T\u00cdCH T\u1eaeC B\u1ea1n \u0111ang \u0111\u1ed1i m\u1eb7t v\u1edbi h\u00e0ng ng\u00e0n t\u1edd h\u00f3a \u0111\u01a1n, h\u1ee3p \u0111\u1ed3ng hay h\u1ed3 s\u01a1 h\u1ed9 t\u1ecbch c\u1ea7n nh\u1eadp v\u00e0o h\u1ec7 th\u1ed1ng? Vi\u1ec7c nh\u1eadp li\u1ec7u th\u1ee7 c\u00f4ng kh\u00f4ng ch\u1ec9 t\u1ed1n th\u1eddi gian m\u00e0 c\u00f2n d\u1ec5 sai s\u00f3t. [&hellip;]<\/p>\n","protected":false},"author":1,"featured_media":2358,"parent":0,"menu_order":0,"comment_status":"closed","ping_status":"closed","template":"","meta":{"_themeisle_gutenberg_block_has_review":false,"footnotes":""},"class_list":["post-1810","page","type-page","status-publish","has-post-thumbnail","hentry"],"rttpg_featured_image_url":{"full":["https:\/\/tdstech.com.vn\/tdsvietnam\/wp-content\/uploads\/2026\/04\/2-1.png",1408,768,false],"landscape":["https:\/\/tdstech.com.vn\/tdsvietnam\/wp-content\/uploads\/2026\/04\/2-1.png",1408,768,false],"portraits":["https:\/\/tdstech.com.vn\/tdsvietnam\/wp-content\/uploads\/2026\/04\/2-1.png",1408,768,false],"thumbnail":["https:\/\/tdstech.com.vn\/tdsvietnam\/wp-content\/uploads\/2026\/04\/2-1.png",550,300,false],"medium":["https:\/\/tdstech.com.vn\/tdsvietnam\/wp-content\/uploads\/2026\/04\/2-1.png",1408,768,false],"large":["https:\/\/tdstech.com.vn\/tdsvietnam\/wp-content\/uploads\/2026\/04\/2-1.png",750,409,false],"1536x1536":["https:\/\/tdstech.com.vn\/tdsvietnam\/wp-content\/uploads\/2026\/04\/2-1.png",1408,768,false],"2048x2048":["https:\/\/tdstech.com.vn\/tdsvietnam\/wp-content\/uploads\/2026\/04\/2-1.png",1408,768,false],"hestia-blog":["https:\/\/tdstech.com.vn\/tdsvietnam\/wp-content\/uploads\/2026\/04\/2-1.png",360,196,false]},"rttpg_author":{"display_name":"tdsvietnam","author_link":"https:\/\/tdstech.com.vn\/tdsvietnam\/author\/tdsvietnam\/"},"rttpg_comment":0,"rttpg_category":null,"rttpg_excerpt":"C\u00d4NG NGH\u1ec6 OCR: BI\u1ebeN H\u00ccNH \u1ea2NH TH\u00c0NH D\u1eee LI\u1ec6U S\u1ed0 TRONG T\u00cdCH T\u1eaeC B\u1ea1n \u0111ang \u0111\u1ed1i m\u1eb7t v\u1edbi h\u00e0ng ng\u00e0n t\u1edd h\u00f3a \u0111\u01a1n, h\u1ee3p \u0111\u1ed3ng hay h\u1ed3 s\u01a1 h\u1ed9 t\u1ecbch c\u1ea7n nh\u1eadp v\u00e0o h\u1ec7 th\u1ed1ng? Vi\u1ec7c nh\u1eadp li\u1ec7u th\u1ee7 c\u00f4ng kh\u00f4ng ch\u1ec9 t\u1ed1n th\u1eddi gian m\u00e0 c\u00f2n d\u1ec5 sai s\u00f3t. [&hellip;]","_links":{"self":[{"href":"https:\/\/tdstech.com.vn\/tdsvietnam\/wp-json\/wp\/v2\/pages\/1810","targetHints":{"allow":["GET"]}}],"collection":[{"href":"https:\/\/tdstech.com.vn\/tdsvietnam\/wp-json\/wp\/v2\/pages"}],"about":[{"href":"https:\/\/tdstech.com.vn\/tdsvietnam\/wp-json\/wp\/v2\/types\/page"}],"author":[{"embeddable":true,"href":"https:\/\/tdstech.com.vn\/tdsvietnam\/wp-json\/wp\/v2\/users\/1"}],"replies":[{"embeddable":true,"href":"https:\/\/tdstech.com.vn\/tdsvietnam\/wp-json\/wp\/v2\/comments?post=1810"}],"version-history":[{"count":7,"href":"https:\/\/tdstech.com.vn\/tdsvietnam\/wp-json\/wp\/v2\/pages\/1810\/revisions"}],"predecessor-version":[{"id":2696,"href":"https:\/\/tdstech.com.vn\/tdsvietnam\/wp-json\/wp\/v2\/pages\/1810\/revisions\/2696"}],"wp:featuredmedia":[{"embeddable":true,"href":"https:\/\/tdstech.com.vn\/tdsvietnam\/wp-json\/wp\/v2\/media\/2358"}],"wp:attachment":[{"href":"https:\/\/tdstech.com.vn\/tdsvietnam\/wp-json\/wp\/v2\/media?parent=1810"}],"curies":[{"name":"wp","href":"https:\/\/api.w.org\/{rel}","templated":true}]}}