{"id":1800,"date":"2026-04-09T02:39:52","date_gmt":"2026-04-09T02:39:52","guid":{"rendered":"http:\/\/172.20.20.20\/tdsvietnam\/?page_id=1800"},"modified":"2026-04-16T10:01:54","modified_gmt":"2026-04-16T10:01:54","slug":"giai-phap-so-hoa-quy-trinh","status":"publish","type":"page","link":"https:\/\/tdstech.com.vn\/tdsvietnam\/giai-phap-so-hoa-quy-trinh\/","title":{"rendered":"Nh\u1eadp li\u1ec7u"},"content":{"rendered":"\n<p class=\"has-text-align-center\"><strong>GI\u1ea2I PH\u00c1P NH\u1eacP LI\u1ec6U CHUY\u00caN NGHI\u1ec6P: CHU\u1ea8N H\u00d3A D\u1eee LI\u1ec6U, KH\u01a0I TH\u00d4NG QU\u1ea2N TR\u1eca<\/strong><\/p>\n\n\n\n<p>Trong quy tr\u00ecnh s\u1ed1 h\u00f3a, n\u1ebfu Scan l\u00e0 &#8220;ch\u1ee5p \u1ea3nh&#8221; v\u00e0 OCR l\u00e0 &#8220;nh\u1eadn di\u1ec7n&#8221;, th\u00ec Nh\u1eadp li\u1ec7u ch\u00ednh l\u00e0 b\u01b0\u1edbc &#8220;tinh l\u1ecdc&#8221; cu\u1ed1i c\u00f9ng \u0111\u1ec3 t\u1ea1o ra m\u1ed9t c\u01a1 s\u1edf d\u1eef li\u1ec7u (Database) c\u00f3 c\u1ea5u tr\u00fac. Ch\u00fang t\u00f4i cung c\u1ea5p gi\u1ea3i ph\u00e1p nh\u1eadp li\u1ec7u chuy\u00ean nghi\u1ec7p, gi\u00fap doanh nghi\u1ec7p chuy\u1ec3n \u0111\u1ed5i h\u00e0ng tri\u1ec7u b\u1ea3n ghi t\u1eeb h\u1ed3 s\u01a1 gi\u1ea5y sang c\u00e1c h\u1ec7 th\u1ed1ng ph\u1ea7n m\u1ec1m v\u1edbi \u0111\u1ed9 ch\u00ednh x\u00e1c tuy\u1ec7t \u0111\u1ed1i.<\/p>\n\n\n\n<ol class=\"wp-block-list\">\n<li>T\u1ea1i sao b\u1ea1n c\u1ea7n d\u1ecbch v\u1ee5 nh\u1eadp li\u1ec7u chuy\u00ean nghi\u1ec7p?<br>Vi\u1ec7c t\u1ef1 nh\u1eadp li\u1ec7u th\u1ee7 c\u00f4ng th\u01b0\u1eddng \u0111\u1ed1i m\u1eb7t v\u1edbi c\u00e1c v\u1ea5n \u0111\u1ec1: sai l\u1ec7ch th\u00f4ng tin, ti\u1ebfn \u0111\u1ed9 ch\u1eadm v\u00e0 t\u1ed1n k\u00e9m nh\u00e2n s\u1ef1. D\u1ecbch v\u1ee5 c\u1ee7a ch\u00fang t\u00f4i gi\u1ea3i quy\u1ebft tri\u1ec7t \u0111\u1ec3 b\u1eb1ng:<br>\u2981 \u0110\u1ed9 ch\u00ednh x\u00e1c 99.9%: \u00c1p d\u1ee5ng quy tr\u00ecnh ki\u1ec3m so\u00e1t k\u00e9p (Double entry) \u2013 hai nh\u00e2n vi\u00ean nh\u1eadp \u0111\u1ed9c l\u1eadp v\u00e0 h\u1ec7 th\u1ed1ng t\u1ef1 \u0111\u1ed9ng so kh\u1edbp \u0111\u1ec3 lo\u1ea1i b\u1ecf sai s\u00f3t.<br>\u2981 T\u1ed1c \u0111\u1ed9 x\u1eed l\u00fd quy m\u00f4 l\u1edbn: \u0110\u1ed9i ng\u0169 nh\u00e2n s\u1ef1 chuy\u00ean nghi\u1ec7p c\u00f9ng c\u00f4ng ngh\u1ec7 h\u1ed7 tr\u1ee3 cho ph\u00e9p x\u1eed l\u00fd h\u00e0ng ch\u1ee5c ngh\u00ecn b\u1ea3n ghi m\u1ed7i ng\u00e0y.<br>\u2981 Chu\u1ea9n h\u00f3a d\u1eef li\u1ec7u: Kh\u00f4ng ch\u1ec9 nh\u1eadp ch\u1eef, ch\u00fang t\u00f4i gi\u00fap b\u1ea1n \u0111\u1ecbnh d\u1ea1ng d\u1eef li\u1ec7u \u0111\u1ed3ng nh\u1ea5t (ng\u00e0y th\u00e1ng, m\u00e3 s\u1ed1, danh m\u1ee5c\u2026) \u0111\u1ec3 d\u1ec5 d\u00e0ng t\u00edch h\u1ee3p v\u00e0o c\u00e1c ph\u1ea7n m\u1ec1m qu\u1ea3n l\u00fd (ERP, CRM, HRM).<\/li>\n<\/ol>\n\n\n\n<figure class=\"wp-block-image size-full has-custom-border\"><img fetchpriority=\"high\" decoding=\"async\" width=\"1408\" height=\"768\" src=\"http:\/\/tdstech.com.vn\/tdsvietnam\/wp-content\/uploads\/2026\/04\/0.png\" alt=\"\" class=\"wp-image-2391\" style=\"border-top-left-radius:10px;border-top-right-radius:10px;border-bottom-left-radius:10px;border-bottom-right-radius:10px\"\/><\/figure>\n\n\n\n<div style=\"height:16px\" aria-hidden=\"true\" class=\"wp-block-spacer\"><\/div>\n\n\n\n<ol start=\"2\" class=\"wp-block-list\">\n<li>C\u00e1c lo\u1ea1i h\u00ecnh nh\u1eadp li\u1ec7u ti\u00eau chu\u1ea9n<br>Ch\u00fang t\u00f4i linh ho\u1ea1t \u0111\u00e1p \u1ee9ng m\u1ecdi nhu c\u1ea7u \u0111\u1eb7c th\u00f9 c\u1ee7a kh\u00e1ch h\u00e0ng:<br>\u2981 Nh\u1eadp li\u1ec7u t\u1eeb h\u1ed3 s\u01a1 H\u1ed9 t\u1ecbch &#8211; T\u01b0 ph\u00e1p: Chuy\u1ec3n \u0111\u1ed5i th\u00f4ng tin t\u1eeb s\u1ed5 \u0111\u0103ng k\u00fd khai sinh, k\u1ebft h\u00f4n, khai t\u1eed c\u1ed5 \u0111i\u1ec3n sang h\u1ec7 th\u1ed1ng d\u1eef li\u1ec7u \u0111i\u1ec7n t\u1eed c\u1ee7a ng\u00e0nh.<br>\u2981 Nh\u1eadp li\u1ec7u h\u00f3a \u0111\u01a1n &#8211; ch\u1ee9ng t\u1eeb: B\u00f3c t\u00e1ch c\u00e1c th\u00f4ng tin t\u00e0i ch\u00ednh t\u1eeb h\u00f3a \u0111\u01a1n gi\u1ea5y, phi\u1ebfu thu chi v\u00e0o ph\u1ea7n m\u1ec1m k\u1ebf to\u00e1n.<br>\u2981 Nh\u1eadp li\u1ec7u d\u1eef li\u1ec7u kh\u1ea3o s\u00e1t &amp; Marketing: Nh\u1eadp th\u00f4ng tin t\u1eeb c\u00e1c phi\u1ebfu kh\u1ea3o s\u00e1t kh\u00e1ch h\u00e0ng, danh s\u00e1ch li\u00ean h\u1ec7.<br>\u2981 Nh\u1eadp li\u1ec7u v\u0103n b\u1ea3n ch\u1eef vi\u1ebft tay: X\u1eed l\u00fd c\u00e1c lo\u1ea1i t\u00e0i li\u1ec7u c\u0169, s\u1ed5 tay c\u00f4ng t\u00e1c c\u00f3 ch\u1eef vi\u1ebft tay ph\u1ee9c t\u1ea1p m\u00e0 c\u00f4ng ngh\u1ec7 OCR ch\u01b0a x\u1eed l\u00fd ho\u00e0n h\u1ea3o \u0111\u01b0\u1ee3c.<\/li>\n<\/ol>\n\n\n\n<figure class=\"wp-block-image size-full has-custom-border\"><img decoding=\"async\" width=\"1408\" height=\"768\" src=\"http:\/\/tdstech.com.vn\/tdsvietnam\/wp-content\/uploads\/2026\/04\/2-6.png\" alt=\"\" class=\"wp-image-2392\" style=\"border-top-left-radius:10px;border-top-right-radius:10px;border-bottom-left-radius:10px;border-bottom-right-radius:10px\"\/><\/figure>\n\n\n\n<div style=\"height:19px\" aria-hidden=\"true\" class=\"wp-block-spacer\"><\/div>\n\n\n\n<ol start=\"4\" class=\"wp-block-list\">\n<li>Cam k\u1ebft B\u1ea3o m\u1eadt th\u00f4ng tin<br>\u0110\u1ed1i v\u1edbi d\u1eef li\u1ec7u nh\u1eadp li\u1ec7u, t\u00ednh ri\u00eang t\u01b0 l\u00e0 y\u1ebfu t\u1ed1 s\u1ed1ng c\u00f2n:<br>\u2981 B\u1ea3o m\u1eadt v\u1eadt l\u00fd: Ph\u00f2ng nh\u1eadp li\u1ec7u \u0111\u01b0\u1ee3c ki\u1ec3m so\u00e1t ra v\u00e0o, kh\u00f4ng thi\u1ebft b\u1ecb ngo\u1ea1i vi, kh\u00f4ng k\u1ebft n\u1ed1i internet ngo\u00e0i.<br>\u2981 Cam k\u1ebft ph\u00e1p l\u00fd: K\u00fd k\u1ebft h\u1ee3p \u0111\u1ed3ng b\u1ea3o m\u1eadt th\u00f4ng tin (NDA) nghi\u00eam ng\u1eb7t v\u1edbi t\u1eebng nh\u00e2n vi\u00ean v\u00e0 kh\u00e1ch h\u00e0ng.<br>\u2981 X\u00f3a d\u1eef li\u1ec7u s\u1ea1ch: Cam k\u1ebft ti\u00eau h\u1ee7y m\u1ecdi b\u1ea3n sao d\u1eef li\u1ec7u tr\u00ean h\u1ec7 th\u1ed1ng t\u1ea1m sau khi b\u00e0n giao k\u1ebft qu\u1ea3 cu\u1ed1i c\u00f9ng.<\/li>\n<\/ol>\n\n\n\n<figure class=\"wp-block-image size-full has-custom-border\"><img decoding=\"async\" width=\"1408\" height=\"768\" src=\"http:\/\/tdstech.com.vn\/tdsvietnam\/wp-content\/uploads\/2026\/04\/3-5.png\" alt=\"\" class=\"wp-image-2393\" style=\"border-top-left-radius:10px;border-top-right-radius:10px;border-bottom-left-radius:10px;border-bottom-right-radius:10px\"\/><\/figure>\n\n\n\n<div style=\"height:16px\" aria-hidden=\"true\" class=\"wp-block-spacer\"><\/div>\n\n\n\n<p>D\u1eee LI\u1ec6U CH\u00cdNH X\u00c1C \u2013 QU\u1ea2N TR\u1eca TH\u00c0NH C\u00d4NG<br>\ud83d\udc49 H\u00e3y \u0111\u1ec3 ch\u00fang t\u00f4i gi\u00fap b\u1ea1n x\u1eed l\u00fd &#8220;n\u00fai&#8221; d\u1eef li\u1ec7u kh\u00f4 khan th\u00e0nh nh\u1eefng th\u00f4ng tin gi\u00e1 tr\u1ecb. Li\u00ean h\u1ec7 ngay \u0111\u1ec3 nh\u1eadn b\u00e1o gi\u00e1 chi ti\u1ebft d\u1ef1a tr\u00ean kh\u1ed1i l\u01b0\u1ee3ng c\u00f4ng vi\u1ec7c c\u1ee7a b\u1ea1n!<\/p>\n","protected":false},"excerpt":{"rendered":"<p>GI\u1ea2I PH\u00c1P NH\u1eacP LI\u1ec6U CHUY\u00caN NGHI\u1ec6P: CHU\u1ea8N H\u00d3A D\u1eee LI\u1ec6U, KH\u01a0I TH\u00d4NG QU\u1ea2N TR\u1eca Trong quy tr\u00ecnh s\u1ed1 h\u00f3a, n\u1ebfu Scan l\u00e0 &#8220;ch\u1ee5p \u1ea3nh&#8221; v\u00e0 OCR l\u00e0 &#8220;nh\u1eadn di\u1ec7n&#8221;, th\u00ec Nh\u1eadp li\u1ec7u ch\u00ednh l\u00e0 b\u01b0\u1edbc &#8220;tinh l\u1ecdc&#8221; cu\u1ed1i c\u00f9ng \u0111\u1ec3 t\u1ea1o ra m\u1ed9t c\u01a1 s\u1edf d\u1eef li\u1ec7u (Database) c\u00f3 c\u1ea5u [&hellip;]<\/p>\n","protected":false},"author":1,"featured_media":2389,"parent":0,"menu_order":0,"comment_status":"closed","ping_status":"closed","template":"","meta":{"_themeisle_gutenberg_block_has_review":false,"footnotes":""},"class_list":["post-1800","page","type-page","status-publish","has-post-thumbnail","hentry"],"rttpg_featured_image_url":{"full":["https:\/\/tdstech.com.vn\/tdsvietnam\/wp-content\/uploads\/2026\/04\/2-5.png",1408,768,false],"landscape":["https:\/\/tdstech.com.vn\/tdsvietnam\/wp-content\/uploads\/2026\/04\/2-5.png",1408,768,false],"portraits":["https:\/\/tdstech.com.vn\/tdsvietnam\/wp-content\/uploads\/2026\/04\/2-5.png",1408,768,false],"thumbnail":["https:\/\/tdstech.com.vn\/tdsvietnam\/wp-content\/uploads\/2026\/04\/2-5.png",550,300,false],"medium":["https:\/\/tdstech.com.vn\/tdsvietnam\/wp-content\/uploads\/2026\/04\/2-5.png",1408,768,false],"large":["https:\/\/tdstech.com.vn\/tdsvietnam\/wp-content\/uploads\/2026\/04\/2-5.png",750,409,false],"1536x1536":["https:\/\/tdstech.com.vn\/tdsvietnam\/wp-content\/uploads\/2026\/04\/2-5.png",1408,768,false],"2048x2048":["https:\/\/tdstech.com.vn\/tdsvietnam\/wp-content\/uploads\/2026\/04\/2-5.png",1408,768,false],"hestia-blog":["https:\/\/tdstech.com.vn\/tdsvietnam\/wp-content\/uploads\/2026\/04\/2-5.png",360,196,false]},"rttpg_author":{"display_name":"tdsvietnam","author_link":"https:\/\/tdstech.com.vn\/tdsvietnam\/author\/tdsvietnam\/"},"rttpg_comment":0,"rttpg_category":null,"rttpg_excerpt":"GI\u1ea2I PH\u00c1P NH\u1eacP LI\u1ec6U CHUY\u00caN NGHI\u1ec6P: CHU\u1ea8N H\u00d3A D\u1eee LI\u1ec6U, KH\u01a0I TH\u00d4NG QU\u1ea2N TR\u1eca Trong quy tr\u00ecnh s\u1ed1 h\u00f3a, n\u1ebfu Scan l\u00e0 &#8220;ch\u1ee5p \u1ea3nh&#8221; v\u00e0 OCR l\u00e0 &#8220;nh\u1eadn di\u1ec7n&#8221;, th\u00ec Nh\u1eadp li\u1ec7u ch\u00ednh l\u00e0 b\u01b0\u1edbc &#8220;tinh l\u1ecdc&#8221; cu\u1ed1i c\u00f9ng \u0111\u1ec3 t\u1ea1o ra m\u1ed9t c\u01a1 s\u1edf d\u1eef li\u1ec7u (Database) c\u00f3 c\u1ea5u [&hellip;]","_links":{"self":[{"href":"https:\/\/tdstech.com.vn\/tdsvietnam\/wp-json\/wp\/v2\/pages\/1800","targetHints":{"allow":["GET"]}}],"collection":[{"href":"https:\/\/tdstech.com.vn\/tdsvietnam\/wp-json\/wp\/v2\/pages"}],"about":[{"href":"https:\/\/tdstech.com.vn\/tdsvietnam\/wp-json\/wp\/v2\/types\/page"}],"author":[{"embeddable":true,"href":"https:\/\/tdstech.com.vn\/tdsvietnam\/wp-json\/wp\/v2\/users\/1"}],"replies":[{"embeddable":true,"href":"https:\/\/tdstech.com.vn\/tdsvietnam\/wp-json\/wp\/v2\/comments?post=1800"}],"version-history":[{"count":3,"href":"https:\/\/tdstech.com.vn\/tdsvietnam\/wp-json\/wp\/v2\/pages\/1800\/revisions"}],"predecessor-version":[{"id":2702,"href":"https:\/\/tdstech.com.vn\/tdsvietnam\/wp-json\/wp\/v2\/pages\/1800\/revisions\/2702"}],"wp:featuredmedia":[{"embeddable":true,"href":"https:\/\/tdstech.com.vn\/tdsvietnam\/wp-json\/wp\/v2\/media\/2389"}],"wp:attachment":[{"href":"https:\/\/tdstech.com.vn\/tdsvietnam\/wp-json\/wp\/v2\/media?parent=1800"}],"curies":[{"name":"wp","href":"https:\/\/api.w.org\/{rel}","templated":true}]}}