{"id":1431,"date":"2026-04-08T07:48:36","date_gmt":"2026-04-08T07:48:36","guid":{"rendered":"http:\/\/172.20.20.20\/tdsvietnam\/?page_id=1431"},"modified":"2026-04-16T09:34:35","modified_gmt":"2026-04-16T09:34:35","slug":"dich-vu-gis-lis","status":"publish","type":"page","link":"https:\/\/tdstech.com.vn\/tdsvietnam\/dich-vu-gis-lis\/","title":{"rendered":"D\u1ecbch v\u1ee5 GIS\/LIS"},"content":{"rendered":"\t\t<div data-elementor-type=\"wp-page\" data-elementor-id=\"1431\" class=\"elementor elementor-1431\">\n\t\t\t\t<div class=\"elementor-element elementor-element-d98f796 e-flex e-con-boxed e-con e-parent\" data-id=\"d98f796\" data-element_type=\"container\" data-e-type=\"container\" data-settings=\"{&quot;background_background&quot;:&quot;classic&quot;}\">\n\t\t\t\t\t<div class=\"e-con-inner\">\n\t\t\t\t<div class=\"elementor-element elementor-element-81fe2a3 elementor-widget elementor-widget-spacer\" data-id=\"81fe2a3\" data-element_type=\"widget\" data-e-type=\"widget\" data-widget_type=\"spacer.default\">\n\t\t\t\t\t\t\t<div class=\"elementor-spacer\">\n\t\t\t<div class=\"elementor-spacer-inner\"><\/div>\n\t\t<\/div>\n\t\t\t\t\t\t<\/div>\n\t\t\t\t<div class=\"elementor-element elementor-element-7bab524 elementor-widget elementor-widget-heading\" data-id=\"7bab524\" data-element_type=\"widget\" data-e-type=\"widget\" data-widget_type=\"heading.default\">\n\t\t\t\t\t<h3 class=\"elementor-heading-title elementor-size-default\"><span style=\"color:black\">D\u1ecaCH V\u1ee4<\/span> GIS\/LIS<\/h3>\t\t\t\t<\/div>\n\t\t\t\t<div class=\"elementor-element elementor-element-092f4fd elementor-widget elementor-widget-heading\" data-id=\"092f4fd\" data-element_type=\"widget\" data-e-type=\"widget\" data-widget_type=\"heading.default\">\n\t\t\t\t\t<h4 class=\"elementor-heading-title elementor-size-default\">X\u00e2y d\u1ef1ng CSDL \u0111\u1ea5t \u0111ai - GIS<\/h4>\t\t\t\t<\/div>\n\t\t\t\t<div class=\"elementor-element elementor-element-3df4eca elementor-widget elementor-widget-text-editor\" data-id=\"3df4eca\" data-element_type=\"widget\" data-e-type=\"widget\" data-widget_type=\"text-editor.default\">\n\t\t\t\t\t\t\t\t\t<p>X\u00e2y d\u1ef1ng h\u1ec7 th\u1ed1ng th\u00f4ng tin qu\u1ed1c gia \u0111a m\u1ee5c ti\u00eau (MPLIS). Ho\u00e0n thi\u1ec7n v\u00e0 v\u1eadn h\u00e0nh CSDL \u0111\u1ea5t \u0111ai qu\u1ed1c gia ph\u1ee5c v\u1ee5 c\u00f4ng t\u00e1c qu\u1ea3n l\u00fd \u0111\u1ea5t \u0111ai, cung c\u1ea5p, chia s\u1ebb th\u00f4ng tin \u0111\u1ea5t \u0111ai v\u1edbi c\u00e1c ng\u00e0nh c\u00f3 li\u00ean quan (quy ho\u1ea1ch, qu\u1ea3n l\u00fd x\u00e2y d\u1ef1ng v\u00e0 \u0111\u00f4 th\u1ecb,\u2026). Ho\u00e0n thi\u1ec7n vi\u1ec7c cung c\u1ea5p d\u1ecbch v\u1ee5 c\u00f4ng trong l\u0129nh v\u1ef1c \u0111\u1ea5t \u0111ai. N\u00e2ng cao hi\u1ec7u qu\u1ea3 nh\u1eadn th\u1ee9c c\u1ee7a c\u1ed9ng \u0111\u1ed3ng \u0111\u1ed1i v\u1edbi c\u00f4ng t\u00e1c qu\u1ea3n l\u00fd, x\u00e2y d\u1ef1ng, v\u1eadn h\u00e0nh h\u1ec7 th\u1ed1ng th\u00f4ng tin \u0111\u1ea5t \u0111ai.<\/p>\t\t\t\t\t\t\t\t<\/div>\n\t\t<div class=\"elementor-element elementor-element-71261c7 e-con-full e-flex e-con e-child\" data-id=\"71261c7\" data-element_type=\"container\" data-e-type=\"container\" data-settings=\"{&quot;background_background&quot;:&quot;classic&quot;}\">\n\t\t<div class=\"elementor-element elementor-element-953fa16 e-con-full e-flex e-con e-child\" data-id=\"953fa16\" data-element_type=\"container\" data-e-type=\"container\" data-settings=\"{&quot;background_background&quot;:&quot;classic&quot;}\">\n\t\t\t\t<div class=\"elementor-element elementor-element-6318a5d elementor-widget elementor-widget-heading\" data-id=\"6318a5d\" data-element_type=\"widget\" data-e-type=\"widget\" data-widget_type=\"heading.default\">\n\t\t\t\t\t<h6 class=\"elementor-heading-title elementor-size-default\">D\u1ef1 \u00e1n ti\u00eau bi\u1ec3u<\/h6>\t\t\t\t<\/div>\n\t\t\t\t<div class=\"elementor-element elementor-element-e6abe45 elementor-widget elementor-widget-text-editor\" data-id=\"e6abe45\" data-element_type=\"widget\" data-e-type=\"widget\" data-widget_type=\"text-editor.default\">\n\t\t\t\t\t\t\t\t\t<p>D\u1ef1 \u00e1n ti\u00eau bi\u1ec3u<br \/>1. D\u1ef1 \u00e1n VILG (X\u00e2y d\u1ef1ng CSDL \u0111\u1ea5t \u0111ai);<br \/>2. D\u1ef1 \u00e1n c\u1ea5p gi\u1ea5y ch\u1ee9ng nh\u1eadn quy\u1ec1n s\u1eed d\u1ee5ng \u0111\u1ea5t;<br \/>3. X\u00e2y d\u1ef1ng CSDL \u0111\u1ecba ch\u00ednh v\u00e0 t\u00edch h\u1ee3p ph\u1ea7n m\u1ec1m Vilis, Elis;<br \/>4. Ki\u1ec3m k\u00ea \u0111\u1ea5t \u0111ai;<br \/>5. C\u00e1c d\u1ef1 \u00e1n kh\u00e1c: X\u00e2y d\u1ef1ng CSDL \u0110\u1ecba gi\u1edbi, Quy ho\u1ea1ch s\u1eed d\u1ee5ng \u0111\u1ea5t, CSDL \u0110\u1ea5t l\u00faa,\u2026<\/p>\t\t\t\t\t\t\t\t<\/div>\n\t\t\t\t<div class=\"elementor-element elementor-element-0b0ac3a elementor-invisible elementor-widget elementor-widget-image\" data-id=\"0b0ac3a\" data-element_type=\"widget\" data-e-type=\"widget\" data-settings=\"{&quot;_animation&quot;:&quot;tada&quot;}\" data-widget_type=\"image.default\">\n\t\t\t\t\t\t\t\t\t\t\t\t\t\t\t<img fetchpriority=\"high\" decoding=\"async\" width=\"717\" height=\"348\" src=\"http:\/\/tdstech.com.vn\/tdsvietnam\/wp-content\/uploads\/2026\/04\/131-1312783_geoinformatics-services-gis-services-removebg-preview.png\" class=\"attachment-medium_large size-medium_large wp-image-1699\" alt=\"\" \/>\t\t\t\t\t\t\t\t\t\t\t\t\t\t\t<\/div>\n\t\t\t\t<\/div>\n\t\t<div class=\"elementor-element elementor-element-747fc2c e-con-full e-flex e-con e-child\" data-id=\"747fc2c\" data-element_type=\"container\" data-e-type=\"container\" data-settings=\"{&quot;background_background&quot;:&quot;slideshow&quot;,&quot;background_slideshow_gallery&quot;:[{&quot;id&quot;:783,&quot;url&quot;:&quot;http:\\\/\\\/172.20.20.20\\\/tdsvietnam\\\/wp-content\\\/uploads\\\/2026\\\/04\\\/dot-1.png&quot;}],&quot;background_slideshow_loop&quot;:&quot;yes&quot;,&quot;background_slideshow_slide_duration&quot;:5000,&quot;background_slideshow_slide_transition&quot;:&quot;fade&quot;,&quot;background_slideshow_transition_duration&quot;:500}\">\n\t\t\t\t<\/div>\n\t\t\t\t<\/div>\n\t\t\t\t\t<\/div>\n\t\t\t\t<\/div>\n\t\t<div class=\"elementor-element elementor-element-279a0ab e-flex e-con-boxed e-con e-parent\" data-id=\"279a0ab\" data-element_type=\"container\" data-e-type=\"container\" data-settings=\"{&quot;background_background&quot;:&quot;classic&quot;}\">\n\t\t\t\t\t<div class=\"e-con-inner\">\n\t\t<div class=\"elementor-element elementor-element-16fe836 e-con-full e-flex e-con e-child\" data-id=\"16fe836\" data-element_type=\"container\" data-e-type=\"container\" data-settings=\"{&quot;background_background&quot;:&quot;classic&quot;}\">\n\t\t\t\t<div class=\"elementor-element elementor-element-0bcbe74 elementor-widget elementor-widget-spacer\" data-id=\"0bcbe74\" data-element_type=\"widget\" data-e-type=\"widget\" data-widget_type=\"spacer.default\">\n\t\t\t\t\t\t\t<div class=\"elementor-spacer\">\n\t\t\t<div class=\"elementor-spacer-inner\"><\/div>\n\t\t<\/div>\n\t\t\t\t\t\t<\/div>\n\t\t\t\t<div class=\"elementor-element elementor-element-835c303 elementor-widget elementor-widget-heading\" data-id=\"835c303\" data-element_type=\"widget\" data-e-type=\"widget\" data-widget_type=\"heading.default\">\n\t\t\t\t\t<h4 class=\"elementor-heading-title elementor-size-default\">X\u00e2y d\u1ef1ng CSDL LIS<\/h4>\t\t\t\t<\/div>\n\t\t\t\t<div class=\"elementor-element elementor-element-113851a elementor-widget elementor-widget-text-editor\" data-id=\"113851a\" data-element_type=\"widget\" data-e-type=\"widget\" data-widget_type=\"text-editor.default\">\n\t\t\t\t\t\t\t\t\t<p>X\u00e9t d\u01b0\u1edbi g\u00f3c \u0111\u1ed9 \u1ee9ng d\u1ee5ng trong qu\u1ea3n l\u00fd nh\u00e0 n\u01b0\u1edbc, GIS c\u00f3 th\u1ec3 \u0111\u01b0\u1ee3c hi\u1ec3u nh\u01b0 l\u00e0 m\u1ed9t c\u00f4ng ngh\u1ec7 x\u1eed l\u00fd c\u00e1c d\u1eef li\u1ec7u c\u00f3 to\u1ea1 \u0111\u1ed9. GIS tr\u1edf th\u00e0nh m\u1ed9t khung c\u00f4ng c\u1ee5 t\u1ed5ng h\u1ee3p r\u1ea5t hi\u1ec7u qu\u1ea3 nh\u1eb1m qu\u1ea3n l\u00fd c\u00e1c ho\u1ea1t \u0111\u1ed9ng c\u1ee7a con ng\u01b0\u1eddi v\u00e0 thi\u00ean nhi\u00ean. X\u00e9t d\u01b0\u1edbi g\u00f3c \u0111\u1ed9 l\u00e0 c\u00f4ng c\u1ee5, GIS d\u00f9ng \u0111\u1ec3 thu th\u1eadp, l\u01b0u tr\u1eef, bi\u1ebfn \u0111\u1ed5i, hi\u1ec3n th\u1ecb c\u00e1c th\u00f4ng tin kh\u00f4ng gian nh\u1eb1m th\u1ef1c hi\u1ec7n c\u00e1c m\u1ee5c \u0111\u00edch c\u1ee5 th\u1ec3.<\/p>\t\t\t\t\t\t\t\t<\/div>\n\t\t<div class=\"elementor-element elementor-element-b3dd823 e-con-full e-flex e-con e-child\" data-id=\"b3dd823\" data-element_type=\"container\" data-e-type=\"container\">\n\t\t<div class=\"elementor-element elementor-element-1019aee e-con-full e-flex e-con e-child\" data-id=\"1019aee\" data-element_type=\"container\" data-e-type=\"container\" data-settings=\"{&quot;background_background&quot;:&quot;classic&quot;}\">\n\t\t\t\t<div class=\"elementor-element elementor-element-85661b5 elementor-widget elementor-widget-heading\" data-id=\"85661b5\" data-element_type=\"widget\" data-e-type=\"widget\" data-widget_type=\"heading.default\">\n\t\t\t\t\t<h6 class=\"elementor-heading-title elementor-size-default\">D\u1ef1 \u00e1n ti\u00eau bi\u1ec3u<\/h6>\t\t\t\t<\/div>\n\t\t\t\t<div class=\"elementor-element elementor-element-35e4689 elementor-widget elementor-widget-text-editor\" data-id=\"35e4689\" data-element_type=\"widget\" data-e-type=\"widget\" data-widget_type=\"text-editor.default\">\n\t\t\t\t\t\t\t\t\t<p>D\u1ef1 \u00e1n ti\u00eau bi\u1ec3u<br \/>1. D\u1ef1 \u00e1n v\u1ec1 ki\u1ebfn tr\u00fac v\u00e0 Quy ho\u1ea1ch<br \/>2. X\u00e2y d\u1ef1ng CSDL N\u1ec1n \u0111\u1ecba l\u00fd \u0111a t\u1ef7 l\u1ec7<br \/>3. X\u00e2y d\u1ef1ng B\u1ea3n \u0111\u1ed3 chuy\u00ean \u0111\u1ec1<br \/>4. \u1ee8ng d\u1ee5ng GIS trong qu\u1ea3n l\u00fd H\u1ea1 t\u1ea7ng giao th\u00f4ng<br \/>5. \u1ee8ng d\u1ee5ng GIS trong c\u00e1c b\u00e0i to\u00e1n ph\u00e2n t\u00edch \u0111a ch\u1ec9 ti\u00eau<br \/>6. D\u1ef1 \u00e1n \u0110\u00f4 th\u1ecb Th\u00f4ng minh<br \/>7. \u1ee8ng d\u1ee5ng trong QL C\u00e2y xanh \u0111\u00f4 th\u1ecb,\u2026<\/p>\t\t\t\t\t\t\t\t<\/div>\n\t\t\t\t<div class=\"elementor-element elementor-element-17b656d elementor-invisible elementor-widget elementor-widget-image\" data-id=\"17b656d\" data-element_type=\"widget\" data-e-type=\"widget\" data-settings=\"{&quot;_animation&quot;:&quot;tada&quot;}\" data-widget_type=\"image.default\">\n\t\t\t\t\t\t\t\t\t\t\t\t\t\t\t<img decoding=\"async\" width=\"500\" height=\"500\" src=\"http:\/\/tdstech.com.vn\/tdsvietnam\/wp-content\/uploads\/2026\/04\/pngtree-geographic-information-system-png-image_15097013-removebg-preview.png\" class=\"attachment-medium_large size-medium_large wp-image-1731\" alt=\"\" \/>\t\t\t\t\t\t\t\t\t\t\t\t\t\t\t<\/div>\n\t\t\t\t<\/div>\n\t\t<div class=\"elementor-element elementor-element-ad579e7 e-con-full e-flex e-con e-child\" data-id=\"ad579e7\" data-element_type=\"container\" data-e-type=\"container\" data-settings=\"{&quot;background_background&quot;:&quot;slideshow&quot;,&quot;background_slideshow_gallery&quot;:[{&quot;id&quot;:783,&quot;url&quot;:&quot;http:\\\/\\\/172.20.20.20\\\/tdsvietnam\\\/wp-content\\\/uploads\\\/2026\\\/04\\\/dot-1.png&quot;}],&quot;background_slideshow_loop&quot;:&quot;yes&quot;,&quot;background_slideshow_slide_duration&quot;:5000,&quot;background_slideshow_slide_transition&quot;:&quot;fade&quot;,&quot;background_slideshow_transition_duration&quot;:500}\">\n\t\t\t\t<\/div>\n\t\t\t\t<\/div>\n\t\t\t\t<\/div>\n\t\t\t\t\t<\/div>\n\t\t\t\t<\/div>\n\t\t\t\t<\/div>\n\t\t","protected":false},"excerpt":{"rendered":"<p>D\u1ecaCH V\u1ee4 GIS\/LIS X\u00e2y d\u1ef1ng CSDL \u0111\u1ea5t \u0111ai &#8211; GIS X\u00e2y d\u1ef1ng h\u1ec7 th\u1ed1ng th\u00f4ng tin qu\u1ed1c gia \u0111a m\u1ee5c ti\u00eau (MPLIS). Ho\u00e0n thi\u1ec7n v\u00e0 v\u1eadn h\u00e0nh CSDL \u0111\u1ea5t \u0111ai qu\u1ed1c gia ph\u1ee5c v\u1ee5 c\u00f4ng t\u00e1c qu\u1ea3n l\u00fd \u0111\u1ea5t \u0111ai, cung c\u1ea5p, chia s\u1ebb th\u00f4ng tin \u0111\u1ea5t \u0111ai v\u1edbi c\u00e1c [&hellip;]<\/p>\n","protected":false},"author":1,"featured_media":0,"parent":0,"menu_order":0,"comment_status":"closed","ping_status":"closed","template":"elementor_header_footer","meta":{"_themeisle_gutenberg_block_has_review":false,"footnotes":""},"class_list":["post-1431","page","type-page","status-publish","hentry"],"rttpg_featured_image_url":null,"rttpg_author":{"display_name":"tdsvietnam","author_link":"https:\/\/tdstech.com.vn\/tdsvietnam\/author\/tdsvietnam\/"},"rttpg_comment":0,"rttpg_category":null,"rttpg_excerpt":"D\u1ecaCH V\u1ee4 GIS\/LIS X\u00e2y d\u1ef1ng CSDL \u0111\u1ea5t \u0111ai &#8211; GIS X\u00e2y d\u1ef1ng h\u1ec7 th\u1ed1ng th\u00f4ng tin qu\u1ed1c gia \u0111a m\u1ee5c ti\u00eau (MPLIS). Ho\u00e0n thi\u1ec7n v\u00e0 v\u1eadn h\u00e0nh CSDL \u0111\u1ea5t \u0111ai qu\u1ed1c gia ph\u1ee5c v\u1ee5 c\u00f4ng t\u00e1c qu\u1ea3n l\u00fd \u0111\u1ea5t \u0111ai, cung c\u1ea5p, chia s\u1ebb th\u00f4ng tin \u0111\u1ea5t \u0111ai v\u1edbi c\u00e1c [&hellip;]","_links":{"self":[{"href":"https:\/\/tdstech.com.vn\/tdsvietnam\/wp-json\/wp\/v2\/pages\/1431","targetHints":{"allow":["GET"]}}],"collection":[{"href":"https:\/\/tdstech.com.vn\/tdsvietnam\/wp-json\/wp\/v2\/pages"}],"about":[{"href":"https:\/\/tdstech.com.vn\/tdsvietnam\/wp-json\/wp\/v2\/types\/page"}],"author":[{"embeddable":true,"href":"https:\/\/tdstech.com.vn\/tdsvietnam\/wp-json\/wp\/v2\/users\/1"}],"replies":[{"embeddable":true,"href":"https:\/\/tdstech.com.vn\/tdsvietnam\/wp-json\/wp\/v2\/comments?post=1431"}],"version-history":[{"count":73,"href":"https:\/\/tdstech.com.vn\/tdsvietnam\/wp-json\/wp\/v2\/pages\/1431\/revisions"}],"predecessor-version":[{"id":2684,"href":"https:\/\/tdstech.com.vn\/tdsvietnam\/wp-json\/wp\/v2\/pages\/1431\/revisions\/2684"}],"wp:attachment":[{"href":"https:\/\/tdstech.com.vn\/tdsvietnam\/wp-json\/wp\/v2\/media?parent=1431"}],"curies":[{"name":"wp","href":"https:\/\/api.w.org\/{rel}","templated":true}]}}